the remainder when 1126 is divided by 21?
13
Calculate the remainder when 306 is divided by 97.
15
What is the remainder when 582 is divided by 84?
78
What is the remainder when 79 is divided by 12?
7
Calculate the remainder when 785 is divided by 2.
1
Calculate the remainder when 146 is divided by 30.
26
Calculate the remainder when 2291 is divided by 74.
71
Calculate the remainder when 364 is divided by 149.
66
Calculate the remainder when 1258 is divided by 7.
5
What is the remainder when 1864 is divided by 617?
13
Calculate the remainder when 577 is divided by 45.
37
Calculate the remainder when 47 is divided by 27.
20
What is the remainder when 83 is divided by 21?
20
Calculate the remainder when 339 is divided by 164.
11
What is the remainder when 340 is divided by 30?
10
Calculate the remainder when 198 is divided by 20.
18
What is the remainder when 1113 is divided by 9?
6
Calculate the remainder when 2214 is divided by 277.
275
What is the remainder when 37 is divided by 12?
1
What is the remainder when 5208 is divided by 29?
17
What is the remainder when 129 is divided by 40?
9
What is the remainder when 506 is divided by 100?
6
What is the remainder when 1867 is divided by 89?
87
What is the remainder when 9859 is divided by 4927?
5
Calculate the remainder when 177 is divided by 16.
1
What is the remainder when 1539 is divided by 20?
19
Calculate the remainder when 51 is divided by 11.
7
What is the remainder when 147 is divided by 46?
9
What is the remainder when 1072 is divided by 536?
0
Calculate the remainder when 3616 is divided by 902.
8
Calculate the remainder when 217 is divided by 15.
7
What is the remainder when 468 is divided by 4?
0
What is the remainder when 1615 is divided by 4?
3
Calculate the remainder when 577 is divided by 212.
153
What is the remainder when 162 is divided by 9?
0
What is the remainder when 246 is divided by 122?
2
Calculate the remainder when 358 is divided by 60.
58
What is the remainder when 457 is divided by 8?
1
What is the remainder when 326 is divided by 118?
90
Calculate the remainder when 7998 is divided by 10.
8
What is the remainder when 178 is divided by 6?
4
Calculate the remainder when 204 is divided by 154.
50
Calculate the remainder when 1228 is divided by 246.
244
Calculate the remainder when 93 is divided by 24.
21
Calculate the remainder when 251 is divided by 26.
17
What is the remainder when 6343 is divided by 2114?
1
Calculate the remainder when 34 is divided by 8.
2
What is the remainder when 202 is divided by 43?
30
Calculate the remainder when 109 is divided by 17.
7
What is the remainder when 29 is divided by 5?
4
Calculate the remainder when 48 is divided by 26.
22
Calculate the remainder when 54 is divided by 10.
4
What is the remainder when 199 is divided by 8?
7
What is the remainder when 6341 is divided by 39?
23
Calculate the remainder when 883 is divided by 16.
3
What is the remainder when 545 is divided by 237?
71
Calculate the remainder when 377 is divided by 70.
27
Calculate the remainder when 125 is divided by 37.
14
Calculate the remainder when 1024 is divided by 175.
149
Calculate the remainder when 88 is divided by 12.
4
Calculate the remainder when 99 is divided by 9.
0
Calculate the remainder when 153 is divided by 32.
25
What is the remainder when 230 is divided by 59?
53
Calculate the remainder when 214 is divided by 18.
16
What is the remainder when 1379 is divided by 60?
59
What is the remainder when 2170 is divided by 242?
234
Calculate the remainder when 3809 is divided by 159.
152
Calculate the remainder when 612 is divided by 24.
12
What is the remainder when 226 is divided by 114?
112
What is the remainder when 196 is divided by 34?
26
What is the remainder when 419 is divided by 10?
9
Calculate the remainder when 26 is divided by 23.
3
Calculate the remainder when 237 is divided by 140.
97
Calculate the remainder when 3959 is divided by 147.
137
Calculate the remainder when 273 is divided by 34.
1
What is the remainder when 685 is divided by 98?
97
Calculate the remainder when 128 is divided by 8.
0
What is the remainder when 163 is divided by 84?
79
Calculate the remainder when 388 is divided by 30.
28
What is the remainder when 161 is divided by 40?
1
Calculate the remainder when 359 is divided by 25.
9
Calculate the remainder when 1595 is divided by 392.
27
What is the remainder when 354 is divided by 57?
12
Calculate the remainder when 171 is divided by 23.
10
What is the remainder when 112 is divided by 59?
53
What is the remainder when 96 is divided by 18?
6
What is the remainder when 1131 is divided by 394?
343
What is the remainder when 704 is divided by 23?
14
Calculate the remainder when 178 is divided by 46.
40
Calculate the remainder when 102 is divided by 65.
37
What is the remainder when 32 is divided by 32?
0
Calculate the remainder when 2423 is divided by 806.
5
Calculate the remainder when 260 is divided by 69.
53
Calculate the remainder when 369 is divided by 95.
84
Calculate the remainder when 826 is divided by 214.
184
Calculate the remainder when 721 is divided by 81.
73
What is the remainder when 728 is divided by 13?
0
What is the remainder when 183 is divided by 46?
45
What is the remainder when 53421 is divided by 14?
11
Calculate the remainder when 1063 is divided by 354.
1
What is the remainder when 344 is divided by 69?
68
Calculate the remainder when 24 is divided by 16.
8
What is the remainder when 650 is divided by 108?
2
What is the remainder when 341 is divided by 18?
17
What is the remainder when 348 is divided by 107?
27
What is the remainder when 622 is divided by 48?
46
What is the remainder when 221 is divided by 28?
25
Calculate the remainder when 124 is divided by 41.
1
What is the remainder when 1733 is divided by 34?
33
Calculate the remainder when 893 is divided by 6.
5
What is the remainder when 451 is divided by 12?
7
What is the remainder when 2959 is divided by 156?
151
Calculate the remainder when 110 is divided by 78.
32
Calculate the remainder when 515 is divided by 48.
35
Calculate the remainder when 7522 is divided by 43.
40
What is the remainder when 13181 is divided by 206?
203
Calculate the remainder when 284 is divided by 24.
20
What is the remainder when 686 is divided by 30?
26
What is the remainder when 287 is divided by 18?
17
What is the remainder when 1230 is divided by 609?
12
Calculate the remainder when 2198 is divided by 38.
32
Calculate the remainder when 107 is divided by 28.
23
What is the remainder when 166 is divided by 74?
18
Calculate the remainder when 984 is divided by 460.
64
What is the remainder when 1084 is divided by 109?
103
Calculate the remainder when 6998 is divided by 9.
5
What is the remainder when 7954 is divided by 9?
7
Calculate the remainder when 466 is divided by 83.
51
What is the remainder when 926 is divided by 922?
4
What is the remainder when 158 is divided by 69?
20
What is the remainder when 168 is divided by 80?
8
What is the remainder when 4724 is divided by 74?
62
Calculate the remainder when 106 is divided by 43.
20
What is the remainder when 1258 is divided by 36?
34
What is the remainder when 2043 is divided by 292?
291
Calculate the remainder when 976 is divided by 93.
46
What is the remainder when 2962 is divided by 19?
17
What is the remainder when 428 is divided by 14?
8
Calculate the remainder when 573 is divided by 27.
6
What is the remainder when 502 is divided by 24?
22
What is the remainder when 3525 is divided by 879?
9
Calculate the remainder when 177 is divided by 94.
83
What is the remainder when 3815 is divided by 318?
317
Calculate the remainder when 48 is divided by 10.
8
Calculate the remainder when 652 is divided by 157.
24
What is the remainder when 88 is divided by 24?
16
Calculate the remainder when 122 is divided by 27.
14
What is the remainder when 1790 is divided by 223?
6
What is the remainder when 499 is divided by 63?
58
What is the remainder when 1635 is divided by 99?
51
What is the remainder when 362 is divided by 23?
17
What is the remainder when 33988 is divided by 19?
16
What is the remainder when 475 is divided by 30?
25
What is the remainder when 1020 is divided by 4?
0
What is the remainder when 64 is div